{"id":7,"date":"2018-03-29T10:19:45","date_gmt":"2018-03-29T08:19:45","guid":{"rendered":"https:\/\/2018.nice.wordcamp.org\/schedule\/"},"modified":"2018-10-09T14:16:35","modified_gmt":"2018-10-09T12:16:35","slug":"programme","status":"publish","type":"page","link":"https:\/\/nice.wordcamp.org\/2018\/programme\/","title":{"rendered":"Le programme des Conf\u00e9rences du 19 octobre 2018"},"content":{"rendered":"<p>Nous vous accueillons \u00e0 <a href=\"https:\/\/2018.nice.wordcamp.org\/2018\/06\/15\/cest-lisem-qui-accueillera-le-premier-nice-wordcamp\/\">l&rsquo;ISEM<\/a> d\u00e8s 8h30 autour d&rsquo;un caf\u00e9. Les conf\u00e9rences d\u00e9buteront \u00e0 9h pile. Nous vous attendrons dans l&rsquo;Amphith\u00e9\u00e2tre pour la conf\u00e9rence d&rsquo;ouverture.<\/p>\n<p>La journ\u00e9e se d\u00e9roulera sur deux tracks, avec conf\u00e9rences et ateliers !<\/p>\n<table class=\"wcpt-schedule\" border=\"0\"><thead><tr><th class=\"wcpt-col-time\">Heure<\/th><th class=\"wcpt-col-track\"> <span class=\"wcpt-track-name\">L&#039;Amphith\u00e9\u00e2tre<\/span> <span class=\"wcpt-track-description\"><\/span> <\/th><\/tr><\/thead><tbody><tr class=\"wcpt-time-0900 global-session confrence-douverture-dans-lamphithtre\"><td class=\"wcpt-time\">09:00<\/td><td colspan=\"1\" class=\"wcb-track-amphi wcpt-session-type-custom wcb-session-accueil\" data-track-title=\"L'Amphith\u00e9\u00e2tre\" data-session-id=\"998\"><div class=\"wcb-session-cell-content\"><span class=\"wcpt-session-title\">Conf\u00e9rence d&rsquo;ouverture dans l&rsquo;Amphith\u00e9\u00e2tre<\/span><\/div><\/td><\/tr><tr class=\"wcpt-time-0915 global-session passons-enfin--luser-first\"><td class=\"wcpt-time\">09:15<\/td><td colspan=\"1\" class=\"wcb-speaker-patrick-faust wcb-track-amphi wcpt-session-type-session wcb-session-passons-enfin-a-luser-first\" data-track-title=\"L'Amphith\u00e9\u00e2tre\" data-session-id=\"747\"><div class=\"wcb-session-cell-content\"><a class=\"wcpt-session-title\" href=\"https:\/\/nice.wordcamp.org\/2018\/session\/passons-enfin-a-luser-first\/\">Passons (enfin) \u00e0 l&rsquo;User First<\/a> <span class=\"wcpt-session-speakers\"><a href=\"https:\/\/nice.wordcamp.org\/2018\/speaker\/patrick-faust\/\">Patrick Faust<\/a><\/span><\/div><div class=\"wcb-session-favourite-icon\"><a href=\"#\" role=\"button\" class=\"fav-session-button\" aria-pressed=\"false\"><span class=\"screen-reader-text\">Session pr\u00e9f\u00e9r\u00e9e\u00a0: Passons (enfin) \u00e0 l&rsquo;User First<\/span><span class=\"dashicons dashicons-star-filled\"><\/span><\/a><\/div><\/td><\/tr><tr class=\"wcpt-time-1000 global-session la-rglementation-en-accessibilit-numrique-volue-faisons-le-point\"><td class=\"wcpt-time\">10:00<\/td><td colspan=\"1\" class=\"wcb-speaker-claire-bizingre wcb-track-amphi wcpt-session-type-session wcb-session-la-reglementation-en-accessibilite-numerique-evolue-faisons-le-point\" data-track-title=\"L'Amphith\u00e9\u00e2tre\" data-session-id=\"745\"><div class=\"wcb-session-cell-content\"><a class=\"wcpt-session-title\" href=\"https:\/\/nice.wordcamp.org\/2018\/session\/la-reglementation-en-accessibilite-numerique-evolue-faisons-le-point\/\">La r\u00e9glementation en accessibilit\u00e9 num\u00e9rique \u00e9volue, faisons le point.<\/a> <span class=\"wcpt-session-speakers\"><a href=\"https:\/\/nice.wordcamp.org\/2018\/speaker\/claire-bizingre\/\">Claire Bizingre<\/a><\/span><\/div><div class=\"wcb-session-favourite-icon\"><a href=\"#\" role=\"button\" class=\"fav-session-button\" aria-pressed=\"false\"><span class=\"screen-reader-text\">Session pr\u00e9f\u00e9r\u00e9e\u00a0: La r\u00e9glementation en accessibilit\u00e9 num\u00e9rique \u00e9volue, faisons le point.<\/span><span class=\"dashicons dashicons-star-filled\"><\/span><\/a><\/div><\/td><\/tr><tr class=\"wcpt-time-1025 global-session seo-et-wordpress-les-quickwins-ultimes\"><td class=\"wcpt-time\">10:25<\/td><td colspan=\"1\" class=\"wcb-speaker-bilal-sebaa wcb-track-amphi wcpt-session-type-session wcb-session-seo-et-wordpress-les-quickwins-ultimes\" data-track-title=\"L'Amphith\u00e9\u00e2tre\" data-session-id=\"429\"><div class=\"wcb-session-cell-content\"><a class=\"wcpt-session-title\" href=\"https:\/\/nice.wordcamp.org\/2018\/session\/seo-et-wordpress-les-quickwins-ultimes\/\">SEO et WordPress : Les quickwins ultimes<\/a> <span class=\"wcpt-session-speakers\"><a href=\"https:\/\/nice.wordcamp.org\/2018\/speaker\/bilal-sebaa\/\">Bilal Sebaa<\/a><\/span><\/div><div class=\"wcb-session-favourite-icon\"><a href=\"#\" role=\"button\" class=\"fav-session-button\" aria-pressed=\"false\"><span class=\"screen-reader-text\">Session pr\u00e9f\u00e9r\u00e9e\u00a0: SEO et WordPress : Les quickwins ultimes<\/span><span class=\"dashicons dashicons-star-filled\"><\/span><\/a><\/div><\/td><\/tr><tr class=\"wcpt-time-1050 global-session pause\"><td class=\"wcpt-time\">10:50<\/td><td colspan=\"1\" class=\"wcb-track-amphi wcb-track-salle-1 wcpt-session-type-custom wcb-session-pause-2\" data-track-title=\"L'Amphith\u00e9\u00e2tre, La Salle de Classe\" data-session-id=\"990\"><div class=\"wcb-session-cell-content\"><span class=\"wcpt-session-title\">Pause<\/span><\/div><\/td><\/tr><tr class=\"wcpt-time-1120 global-session la-mthode-mtc-ptp-moins-de-temps--coder-plus-de-temps--la-plage\"><td class=\"wcpt-time\">11:20<\/td><td colspan=\"1\" class=\"wcb-speaker-remy-corson wcb-track-amphi wcpt-session-type-session wcb-session-la-methode-mtc-ptp-moins-de-temps-a-coder-plus-de-temps-a-la-plage\" data-track-title=\"L'Amphith\u00e9\u00e2tre\" data-session-id=\"733\"><div class=\"wcb-session-cell-content\"><a class=\"wcpt-session-title\" href=\"https:\/\/nice.wordcamp.org\/2018\/session\/la-methode-mtc-ptp-moins-de-temps-a-coder-plus-de-temps-a-la-plage\/\">La m\u00e9thode MTC-PTP: moins de temps \u00e0 coder, plus de temps \u00e0 la plage<\/a> <span class=\"wcpt-session-speakers\"><a href=\"https:\/\/nice.wordcamp.org\/2018\/speaker\/remy-corson\/\">R\u00e9mi Corson<\/a><\/span><\/div><div class=\"wcb-session-favourite-icon\"><a href=\"#\" role=\"button\" class=\"fav-session-button\" aria-pressed=\"false\"><span class=\"screen-reader-text\">Session pr\u00e9f\u00e9r\u00e9e\u00a0: La m\u00e9thode MTC-PTP: moins de temps \u00e0 coder, plus de temps \u00e0 la plage<\/span><span class=\"dashicons dashicons-star-filled\"><\/span><\/a><\/div><\/td><\/tr><tr class=\"wcpt-time-1205 global-session desclavagiste--dveloppeur-wordpress-itinraire-dune-reconversion-russie\"><td class=\"wcpt-time\">12:05<\/td><td colspan=\"1\" class=\"wcb-speaker-sebastien-serre wcb-track-amphi wcpt-session-type-session wcb-session-desclavagiste-a-developpeur-wordpress-itineraire-dune-reconversion-reussie\" data-track-title=\"L'Amphith\u00e9\u00e2tre\" data-session-id=\"438\"><div class=\"wcb-session-cell-content\"><a class=\"wcpt-session-title\" href=\"https:\/\/nice.wordcamp.org\/2018\/session\/desclavagiste-a-developpeur-wordpress-itineraire-dune-reconversion-reussie\/\">D&rsquo;esclavagiste \u00e0 D\u00e9veloppeur WordPress: itin\u00e9raire d&rsquo;une reconversion r\u00e9ussie!<\/a> <span class=\"wcpt-session-speakers\"><a href=\"https:\/\/nice.wordcamp.org\/2018\/speaker\/sebastien-serre\/\">S\u00e9bastien Serre<\/a><\/span><\/div><div class=\"wcb-session-favourite-icon\"><a href=\"#\" role=\"button\" class=\"fav-session-button\" aria-pressed=\"false\"><span class=\"screen-reader-text\">Session pr\u00e9f\u00e9r\u00e9e\u00a0: D&rsquo;esclavagiste \u00e0 D\u00e9veloppeur WordPress: itin\u00e9raire d&rsquo;une reconversion r\u00e9ussie!<\/span><span class=\"dashicons dashicons-star-filled\"><\/span><\/a><\/div><\/td><\/tr><tr class=\"wcpt-time-1230 global-session quelles-stratgies-de-livraison-dans-le-e-commerce\"><td class=\"wcpt-time\">12:30<\/td><td colspan=\"1\" class=\"wcb-speaker-sandra-boulou wcb-track-amphi wcpt-session-type-session wcb-session-quelles-strategies-de-livraison-dans-le-e-commerce\" data-track-title=\"L'Amphith\u00e9\u00e2tre\" data-session-id=\"335\"><div class=\"wcb-session-cell-content\"><a class=\"wcpt-session-title\" href=\"https:\/\/nice.wordcamp.org\/2018\/session\/quelles-strategies-de-livraison-dans-le-e-commerce\/\">Quelles strat\u00e9gies de livraison dans le e-commerce<\/a> <span class=\"wcpt-session-speakers\"><a href=\"https:\/\/nice.wordcamp.org\/2018\/speaker\/sandra-boulou\/\">Sandra Boulou<\/a><\/span><\/div><div class=\"wcb-session-favourite-icon\"><a href=\"#\" role=\"button\" class=\"fav-session-button\" aria-pressed=\"false\"><span class=\"screen-reader-text\">Session pr\u00e9f\u00e9r\u00e9e\u00a0: Quelles strat\u00e9gies de livraison dans le e-commerce<\/span><span class=\"dashicons dashicons-star-filled\"><\/span><\/a><\/div><\/td><\/tr><tr class=\"wcpt-time-1300 global-session djeuner\"><td class=\"wcpt-time\">13:00<\/td><td colspan=\"1\" class=\"wcb-track-amphi wcb-track-salle-1 wcpt-session-type-custom wcb-session-dejeuner\" data-track-title=\"L'Amphith\u00e9\u00e2tre, La Salle de Classe\" data-session-id=\"995\"><div class=\"wcb-session-cell-content\"><span class=\"wcpt-session-title\">D\u00e9jeuner<\/span><\/div><\/td><\/tr><tr class=\"wcpt-time-1430 global-session how-to-overcome-your-google-analytics-fear\"><td class=\"wcpt-time\">14:30<\/td><td colspan=\"1\" class=\"wcb-speaker-annelieke-van-den-berg wcb-track-amphi wcpt-session-type-session wcb-session-how-to-overcome-your-google-analytics-fear\" data-track-title=\"L'Amphith\u00e9\u00e2tre\" data-session-id=\"742\"><div class=\"wcb-session-cell-content\"><a class=\"wcpt-session-title\" href=\"https:\/\/nice.wordcamp.org\/2018\/session\/how-to-overcome-your-google-analytics-fear\/\">How to overcome your Google Analytics fear<\/a> <span class=\"wcpt-session-speakers\"><a href=\"https:\/\/nice.wordcamp.org\/2018\/speaker\/annelieke-van-den-berg\/\">Annelieke van den Berg<\/a><\/span><\/div><div class=\"wcb-session-favourite-icon\"><a href=\"#\" role=\"button\" class=\"fav-session-button\" aria-pressed=\"false\"><span class=\"screen-reader-text\">Session pr\u00e9f\u00e9r\u00e9e\u00a0: How to overcome your Google Analytics fear<\/span><span class=\"dashicons dashicons-star-filled\"><\/span><\/a><\/div><\/td><\/tr><tr class=\"wcpt-time-1515 global-session comment-devenir-une-agence-wordpress\"><td class=\"wcpt-time\">15:15<\/td><td colspan=\"1\" class=\"wcb-speaker-emilie-lebrun wcb-track-amphi wcpt-session-type-session wcb-session-comment-devenir-une-agence-wordpress\" data-track-title=\"L'Amphith\u00e9\u00e2tre\" data-session-id=\"447\"><div class=\"wcb-session-cell-content\"><a class=\"wcpt-session-title\" href=\"https:\/\/nice.wordcamp.org\/2018\/session\/comment-devenir-une-agence-wordpress\/\">Comment devenir une agence WordPress<\/a> <span class=\"wcpt-session-speakers\"><a href=\"https:\/\/nice.wordcamp.org\/2018\/speaker\/emilie-lebrun\/\">Emilie Lebrun<\/a><\/span><\/div><div class=\"wcb-session-favourite-icon\"><a href=\"#\" role=\"button\" class=\"fav-session-button\" aria-pressed=\"false\"><span class=\"screen-reader-text\">Session pr\u00e9f\u00e9r\u00e9e\u00a0: Comment devenir une agence WordPress<\/span><span class=\"dashicons dashicons-star-filled\"><\/span><\/a><\/div><\/td><\/tr><tr class=\"wcpt-time-1600 global-session pause\"><td class=\"wcpt-time\">16:00<\/td><td colspan=\"1\" class=\"wcb-track-amphi wcb-track-salle-1 wcpt-session-type-custom wcb-session-pause\" data-track-title=\"L'Amphith\u00e9\u00e2tre, La Salle de Classe\" data-session-id=\"985\"><div class=\"wcb-session-cell-content\"><span class=\"wcpt-session-title\">Pause<\/span><\/div><\/td><\/tr><tr class=\"wcpt-time-1630 global-session comment-amliorer-le-temps-de-chargement-de-son-site-wordpress\"><td class=\"wcpt-time\">16:30<\/td><td colspan=\"1\" class=\"wcb-speaker-jean-baptiste-marchand-arvier wcb-track-amphi wcpt-session-type-session wcb-session-comment-ameliorer-le-temps-de-chargement-de-son-site-wordpress\" data-track-title=\"L'Amphith\u00e9\u00e2tre\" data-session-id=\"541\"><div class=\"wcb-session-cell-content\"><a class=\"wcpt-session-title\" href=\"https:\/\/nice.wordcamp.org\/2018\/session\/comment-ameliorer-le-temps-de-chargement-de-son-site-wordpress\/\">Comment am\u00e9liorer le temps de chargement de son site WordPress<\/a> <span class=\"wcpt-session-speakers\"><a href=\"https:\/\/nice.wordcamp.org\/2018\/speaker\/jean-baptiste-marchand-arvier\/\">Jean-Baptiste Marchand-Arvier<\/a><\/span><\/div><div class=\"wcb-session-favourite-icon\"><a href=\"#\" role=\"button\" class=\"fav-session-button\" aria-pressed=\"false\"><span class=\"screen-reader-text\">Session pr\u00e9f\u00e9r\u00e9e\u00a0: Comment am\u00e9liorer le temps de chargement de son site WordPress<\/span><span class=\"dashicons dashicons-star-filled\"><\/span><\/a><\/div><\/td><\/tr><tr class=\"wcpt-time-1720 global-session privacy-by-design-et-wordpress-retour-dexprience\"><td class=\"wcpt-time\">17:20<\/td><td colspan=\"1\" class=\"wcb-speaker-mylene-boyrie wcb-track-amphi wcpt-session-type-session wcb-session-privacy-by-design-et-wordpress-retour-dexperience\" data-track-title=\"L'Amphith\u00e9\u00e2tre\" data-session-id=\"407\"><div class=\"wcb-session-cell-content\"><a class=\"wcpt-session-title\" href=\"https:\/\/nice.wordcamp.org\/2018\/session\/privacy-by-design-et-wordpress-retour-dexperience\/\">Privacy by design et WordPress : retour d&rsquo;exp\u00e9rience<\/a> <span class=\"wcpt-session-speakers\"><a href=\"https:\/\/nice.wordcamp.org\/2018\/speaker\/mylene-boyrie\/\">Myl\u00e8ne Boyrie<\/a><\/span><\/div><div class=\"wcb-session-favourite-icon\"><a href=\"#\" role=\"button\" class=\"fav-session-button\" aria-pressed=\"false\"><span class=\"screen-reader-text\">Session pr\u00e9f\u00e9r\u00e9e\u00a0: Privacy by design et WordPress : retour d&rsquo;exp\u00e9rience<\/span><span class=\"dashicons dashicons-star-filled\"><\/span><\/a><\/div><\/td><\/tr><tr class=\"wcpt-time-1815 global-session clture-du-wordcamp-dans-lamphithatre\"><td class=\"wcpt-time\">18:15<\/td><td colspan=\"1\" class=\"wcb-track-amphi wcb-track-salle-1 wcpt-session-type-custom wcb-session-cloture-du-wordcamp\" data-track-title=\"L'Amphith\u00e9\u00e2tre, La Salle de Classe\" data-session-id=\"993\"><div class=\"wcb-session-cell-content\"><span class=\"wcpt-session-title\">Cl\u00f4ture du WordCamp dans l&rsquo;Amphith\u00e9atre<\/span><\/div><\/td><\/tr><\/tbody><\/table>\n\t<div class=\"email-form fav-session-email-form-hide\">\n\t\t<!-- Tab links -->\n\t\t<div class=\"fav-session-share-tab\">\n\t\t\t\t\t\t\t<div class=\"fav-session-tablinks\" id=\"fav-session-btn-email\">\n\t\t\t\t\tE-mail\t\t\t\t<\/div>\n\t\t\t\n\t\t\t<div class=\"fav-session-tablinks\" id=\"fav-session-btn-link\">\n\t\t\t\tLien\t\t\t<\/div>\n\n\t\t\t<div class=\"fav-session-tablinks\" id=\"fav-session-btn-print\">\n\t\t\t\tImprimer\t\t\t<\/div>\n\t\t<\/div>\n\n\t\t<!-- Tab content -->\n\t\t\t\t\t<div id=\"fav-session-tab-email\" class=\"fav-session-share-tabcontent\">\n\t\t\t\t<div id=\"fav-session-email-form\">\n\t\t\t\t\tM\u2019envoyer mes sessions favorites\u00a0:\n\t\t\t\t\t<form id=\"fav-sessions-form\">\n\t\t\t\t\t\t<input\n\t\t\t\t\t\t\ttype=\"text\"\n\t\t\t\t\t\t\tname=\"email_address\"\n\t\t\t\t\t\t\tid=\"fav-sessions-email-address\"\n\t\t\t\t\t\t\tplaceholder=\"me@protonmail.com\"\n\t\t\t\t\t\t\/>\n\t\t\t\t\t\t<input type=\"submit\" value=\"Envoyer\" \/>\n\t\t\t\t\t<\/form>\n\t\t\t\t<\/div>\n\n\t\t\t\t<div class=\"fav-session-email-wait-spinner\"><\/div>\n\t\t\t\t<div class=\"fav-session-email-result\"><\/div>\n\t\t\t<\/div>\n\t\t\n\t\t<div id=\"fav-session-tab-link\" class=\"fav-session-share-tabcontent\">\n\t\t\tLien partageable\u00a0:\t\t\t<br \/>\n\t\t\t<a id=\"fav-sessions-link\" href=\"\"><\/a>\n\t\t<\/div>\n\n\t\t<div id=\"fav-session-tab-print\" class=\"fav-session-share-tabcontent\">\n\t\t\t<button id=\"fav-session-print\">\n\t\t\t\tAfficher les sessions favorites\t\t\t<\/button>\n\t\t<\/div>\n\t<\/div>\n\n\t<a class=\"show-email-form\" href=\"javascript:\">\n\t\t<span class=\"dashicons dashicons-star-filled\"><\/span>\n\t\t<span class=\"dashicons dashicons-email-alt\"><\/span>\n\t<\/a>\n\n\t\n<table class=\"wcpt-schedule\" border=\"0\"><thead><tr><th class=\"wcpt-col-time\">Heure<\/th><th class=\"wcpt-col-track\"> <span class=\"wcpt-track-name\">La Salle de Classe<\/span> <span class=\"wcpt-track-description\"><\/span> <\/th><\/tr><\/thead><tbody><tr class=\"wcpt-time-0915 global-session atelier-dmarrons-un-thme-wordpress-en-reactjs\"><td class=\"wcpt-time\">09:15<\/td><td colspan=\"1\" class=\"wcb-speaker-thomas-deneulin wcb-track-salle-1 wcpt-session-type-session wcb-session-demarrons-un-theme-wordpress-en-reactjs\" data-track-title=\"La Salle de Classe\" data-session-id=\"512\"><div class=\"wcb-session-cell-content\"><a class=\"wcpt-session-title\" href=\"https:\/\/nice.wordcamp.org\/2018\/session\/demarrons-un-theme-wordpress-en-reactjs\/\">[Atelier] D\u00e9marrons un th\u00e8me WordPress &#8230; en ReactJS !<\/a> <span class=\"wcpt-session-speakers\"><a href=\"https:\/\/nice.wordcamp.org\/2018\/speaker\/thomas-deneulin\/\">Thomas Deneulin<\/a><\/span><\/div><div class=\"wcb-session-favourite-icon\"><a href=\"#\" role=\"button\" class=\"fav-session-button\" aria-pressed=\"false\"><span class=\"screen-reader-text\">Session pr\u00e9f\u00e9r\u00e9e\u00a0: [Atelier] D\u00e9marrons un th\u00e8me WordPress &#8230; en ReactJS !<\/span><span class=\"dashicons dashicons-star-filled\"><\/span><\/a><\/div><\/td><\/tr><tr class=\"wcpt-time-1050 global-session pause\"><td class=\"wcpt-time\">10:50<\/td><td colspan=\"1\" class=\"wcb-track-amphi wcb-track-salle-1 wcpt-session-type-custom wcb-session-pause-2\" data-track-title=\"L'Amphith\u00e9\u00e2tre, La Salle de Classe\" data-session-id=\"990\"><div class=\"wcb-session-cell-content\"><span class=\"wcpt-session-title\">Pause<\/span><\/div><\/td><\/tr><tr class=\"wcpt-time-1120 global-session atelier-des-stats-pour-mes-sites\"><td class=\"wcpt-time\">11:20<\/td><td colspan=\"1\" class=\"wcb-speaker-nathanael-martel wcb-track-salle-1 wcpt-session-type-session wcb-session-des-stats-pour-mes-sites\" data-track-title=\"La Salle de Classe\" data-session-id=\"390\"><div class=\"wcb-session-cell-content\"><a class=\"wcpt-session-title\" href=\"https:\/\/nice.wordcamp.org\/2018\/session\/des-stats-pour-mes-sites\/\">[Atelier] Des stats pour mes sites<\/a> <span class=\"wcpt-session-speakers\"><a href=\"https:\/\/nice.wordcamp.org\/2018\/speaker\/nathanael-martel\/\">Nathana\u00ebl Martel<\/a><\/span><\/div><div class=\"wcb-session-favourite-icon\"><a href=\"#\" role=\"button\" class=\"fav-session-button\" aria-pressed=\"false\"><span class=\"screen-reader-text\">Session pr\u00e9f\u00e9r\u00e9e\u00a0: [Atelier] Des stats pour mes sites<\/span><span class=\"dashicons dashicons-star-filled\"><\/span><\/a><\/div><\/td><\/tr><tr class=\"wcpt-time-1300 global-session djeuner\"><td class=\"wcpt-time\">13:00<\/td><td colspan=\"1\" class=\"wcb-track-amphi wcb-track-salle-1 wcpt-session-type-custom wcb-session-dejeuner\" data-track-title=\"L'Amphith\u00e9\u00e2tre, La Salle de Classe\" data-session-id=\"995\"><div class=\"wcb-session-cell-content\"><span class=\"wcpt-session-title\">D\u00e9jeuner<\/span><\/div><\/td><\/tr><tr class=\"wcpt-time-1430 global-session atelier-comment-traduire-un-thme-ou-une-extension-wordpress\"><td class=\"wcpt-time\">14:30<\/td><td colspan=\"1\" class=\"wcb-speaker-yoav-farhi wcb-track-salle-1 wcpt-session-type-session wcb-session-comment-traduire-un-theme-ou-un-plugin-wordpress\" data-track-title=\"La Salle de Classe\" data-session-id=\"373\"><div class=\"wcb-session-cell-content\"><a class=\"wcpt-session-title\" href=\"https:\/\/nice.wordcamp.org\/2018\/session\/comment-traduire-un-theme-ou-un-plugin-wordpress\/\">[Atelier] Comment traduire un th\u00e8me (ou une extension) WordPress<\/a> <span class=\"wcpt-session-speakers\"><a href=\"https:\/\/nice.wordcamp.org\/2018\/speaker\/yoav-farhi\/\">Yoav Farhi<\/a><\/span><\/div><div class=\"wcb-session-favourite-icon\"><a href=\"#\" role=\"button\" class=\"fav-session-button\" aria-pressed=\"false\"><span class=\"screen-reader-text\">Session pr\u00e9f\u00e9r\u00e9e\u00a0: [Atelier] Comment traduire un th\u00e8me (ou une extension) WordPress<\/span><span class=\"dashicons dashicons-star-filled\"><\/span><\/a><\/div><\/td><\/tr><tr class=\"wcpt-time-1600 global-session pause\"><td class=\"wcpt-time\">16:00<\/td><td colspan=\"1\" class=\"wcb-track-amphi wcb-track-salle-1 wcpt-session-type-custom wcb-session-pause\" data-track-title=\"L'Amphith\u00e9\u00e2tre, La Salle de Classe\" data-session-id=\"985\"><div class=\"wcb-session-cell-content\"><span class=\"wcpt-session-title\">Pause<\/span><\/div><\/td><\/tr><tr class=\"wcpt-time-1630 global-session ce-que-jai-appris-en-travaillant-en-remote-grce--wordpress-et-sa-communaut-et-comment-la-ton-appliqu-pour-enseigner--luniversit\"><td class=\"wcpt-time\">16:30<\/td><td colspan=\"1\" class=\"wcb-speaker-raul-anton-cuadrado wcb-track-salle-1 wcpt-session-type-session wcb-session-ce-que-jai-appris-en-travaillant-en-remote-grace-a-wordpress-et-sa-communaute-et-comment-on-la-applique-pour-enseigner-a-luniversite\" data-track-title=\"La Salle de Classe\" data-session-id=\"379\"><div class=\"wcb-session-cell-content\"><a class=\"wcpt-session-title\" href=\"https:\/\/nice.wordcamp.org\/2018\/session\/ce-que-jai-appris-en-travaillant-en-remote-grace-a-wordpress-et-sa-communaute-et-comment-on-la-applique-pour-enseigner-a-luniversite\/\">Ce que j\u2019ai appris en travaillant en remote gr\u00e2ce \u00e0 WordPress et sa communaut\u00e9 et comment l&rsquo;a t&rsquo;on appliqu\u00e9 pour enseigner \u00e0 l\u2019universit\u00e9<\/a> <span class=\"wcpt-session-speakers\"><a href=\"https:\/\/nice.wordcamp.org\/2018\/speaker\/raul-anton-cuadrado\/\">Ra\u00fal Ant\u00f3n Cuadrado<\/a><\/span><\/div><div class=\"wcb-session-favourite-icon\"><a href=\"#\" role=\"button\" class=\"fav-session-button\" aria-pressed=\"false\"><span class=\"screen-reader-text\">Session pr\u00e9f\u00e9r\u00e9e\u00a0: Ce que j\u2019ai appris en travaillant en remote gr\u00e2ce \u00e0 WordPress et sa communaut\u00e9 et comment l&rsquo;a t&rsquo;on appliqu\u00e9 pour enseigner \u00e0 l\u2019universit\u00e9<\/span><span class=\"dashicons dashicons-star-filled\"><\/span><\/a><\/div><\/td><\/tr><tr class=\"wcpt-time-1655 global-session let-it-slow\"><td class=\"wcpt-time\">16:55<\/td><td colspan=\"1\" class=\"wcb-speaker-alex-carmona wcb-track-salle-1 wcpt-session-type-session wcb-session-let-it-slow\" data-track-title=\"La Salle de Classe\" data-session-id=\"685\"><div class=\"wcb-session-cell-content\"><a class=\"wcpt-session-title\" href=\"https:\/\/nice.wordcamp.org\/2018\/session\/let-it-slow\/\">Let it Slow<\/a> <span class=\"wcpt-session-speakers\"><a href=\"https:\/\/nice.wordcamp.org\/2018\/speaker\/alex-carmona\/\">Alex Carmona<\/a><\/span><\/div><div class=\"wcb-session-favourite-icon\"><a href=\"#\" role=\"button\" class=\"fav-session-button\" aria-pressed=\"false\"><span class=\"screen-reader-text\">Session pr\u00e9f\u00e9r\u00e9e\u00a0: Let it Slow<\/span><span class=\"dashicons dashicons-star-filled\"><\/span><\/a><\/div><\/td><\/tr><tr class=\"wcpt-time-1720 global-session how-to-effectively-manage-the-editorial-process-in-a-multi-author-blog\"><td class=\"wcpt-time\">17:20<\/td><td colspan=\"1\" class=\"wcb-speaker-francesca-marano wcb-track-salle-1 wcpt-session-type-session wcb-session-how-to-effectively-manage-the-editorial-process-in-a-multi-author-blog\" data-track-title=\"La Salle de Classe\" data-session-id=\"723\"><div class=\"wcb-session-cell-content\"><a class=\"wcpt-session-title\" href=\"https:\/\/nice.wordcamp.org\/2018\/session\/how-to-effectively-manage-the-editorial-process-in-a-multi-author-blog\/\">How to Effectively Manage the Editorial Process in a Multi-Author Blog<\/a> <span class=\"wcpt-session-speakers\"><a href=\"https:\/\/nice.wordcamp.org\/2018\/speaker\/francesca-marano\/\">Francesca Marano<\/a><\/span><\/div><div class=\"wcb-session-favourite-icon\"><a href=\"#\" role=\"button\" class=\"fav-session-button\" aria-pressed=\"false\"><span class=\"screen-reader-text\">Session pr\u00e9f\u00e9r\u00e9e\u00a0: How to Effectively Manage the Editorial Process in a Multi-Author Blog<\/span><span class=\"dashicons dashicons-star-filled\"><\/span><\/a><\/div><\/td><\/tr><tr class=\"wcpt-time-1815 global-session clture-du-wordcamp-dans-lamphithatre\"><td class=\"wcpt-time\">18:15<\/td><td colspan=\"1\" class=\"wcb-track-amphi wcb-track-salle-1 wcpt-session-type-custom wcb-session-cloture-du-wordcamp\" data-track-title=\"L'Amphith\u00e9\u00e2tre, La Salle de Classe\" data-session-id=\"993\"><div class=\"wcb-session-cell-content\"><span class=\"wcpt-session-title\">Cl\u00f4ture du WordCamp dans l&rsquo;Amphith\u00e9atre<\/span><\/div><\/td><\/tr><\/tbody><\/table>\n<p>&nbsp;<\/p>\n<p>Et l&rsquo;<strong>After show<\/strong> ?<br \/>\nOui il y aura bien-s\u00fbr une soir\u00e9e communautaire au centre ville ! On vous d\u00e9voile l&rsquo;adresse tr\u00e8s bient\u00f4t,\u00a0 alors r\u00e9servez votre vendredi soir. \ud83c\udf79\ud83c\udf34\ud83c\udf89<\/p>\n<p>Edit 9 octobre 2018 : toutes les infos pour l&rsquo;<strong>After<\/strong> <a href=\"https:\/\/2018.nice.wordcamp.org\/2018\/10\/09\/after-party-o2switch\/\">ici\u00a0<\/a><\/p>\n","protected":false},"excerpt":{"rendered":"<p>Nous vous accueillons \u00e0 l&rsquo;ISEM d\u00e8s 8h30 autour d&rsquo;un caf\u00e9. Les conf\u00e9rences d\u00e9buteront \u00e0 9h pile. Nous vous attendrons dans l&rsquo;Amphith\u00e9\u00e2tre pour la conf\u00e9rence d&rsquo;ouverture. La journ\u00e9e se d\u00e9roulera sur deux tracks, avec conf\u00e9rences et ateliers ! &nbsp; Et l&rsquo;After show ? Oui il y aura bien-s\u00fbr une soir\u00e9e communautaire au centre ville ! On &hellip; <\/p>\n<p class=\"link-more\"><a href=\"https:\/\/nice.wordcamp.org\/2018\/programme\/\" class=\"more-link\">Continuer la lecture<span class=\"screen-reader-text\"> de &laquo;&nbsp;Le programme des Conf\u00e9rences du 19 octobre 2018&nbsp;&raquo;<\/span><\/a><\/p>\n","protected":false},"author":14055720,"featured_media":1060,"parent":0,"menu_order":0,"comment_status":"closed","ping_status":"closed","template":"","meta":{"jetpack_post_was_ever_published":false,"footnotes":""},"class_list":["post-7","page","type-page","status-publish","has-post-thumbnail","hentry"],"jetpack_sharing_enabled":false,"jetpack_shortlink":"https:\/\/wp.me\/P9NyRC-7","_links":{"self":[{"href":"https:\/\/nice.wordcamp.org\/2018\/wp-json\/wp\/v2\/pages\/7","targetHints":{"allow":["GET"]}}],"collection":[{"href":"https:\/\/nice.wordcamp.org\/2018\/wp-json\/wp\/v2\/pages"}],"about":[{"href":"https:\/\/nice.wordcamp.org\/2018\/wp-json\/wp\/v2\/types\/page"}],"author":[{"embeddable":true,"href":"https:\/\/nice.wordcamp.org\/2018\/wp-json\/wp\/v2\/users\/14055720"}],"replies":[{"embeddable":true,"href":"https:\/\/nice.wordcamp.org\/2018\/wp-json\/wp\/v2\/comments?post=7"}],"version-history":[{"count":13,"href":"https:\/\/nice.wordcamp.org\/2018\/wp-json\/wp\/v2\/pages\/7\/revisions"}],"predecessor-version":[{"id":1526,"href":"https:\/\/nice.wordcamp.org\/2018\/wp-json\/wp\/v2\/pages\/7\/revisions\/1526"}],"wp:featuredmedia":[{"embeddable":true,"href":"https:\/\/nice.wordcamp.org\/2018\/wp-json\/wp\/v2\/media\/1060"}],"wp:attachment":[{"href":"https:\/\/nice.wordcamp.org\/2018\/wp-json\/wp\/v2\/media?parent=7"}],"curies":[{"name":"wp","href":"https:\/\/api.w.org\/{rel}","templated":true}]}}