{"id":12,"date":"2025-07-03T15:29:32","date_gmt":"2025-07-03T13:29:32","guid":{"rendered":"https:\/\/nice.wordcamp.org\/2026\/organizers\/"},"modified":"2025-11-14T12:25:06","modified_gmt":"2025-11-14T11:25:06","slug":"organizers","status":"publish","type":"page","link":"https:\/\/nice.wordcamp.org\/2026\/organizers\/","title":{"rendered":"L&rsquo;\u00e9quipe organisatrice"},"content":{"rendered":"\n<div class=\"wp-block-group top-wave has-custom-midblu-background-color has-background has-global-padding is-layout-constrained wp-block-group-is-layout-constrained\" style=\"border-top-color:var(--wp--preset--color--accent-5);border-top-width:1px;margin-top:0px;background-image:url(&apos;https:\/\/nice.wordcamp.org\/2026\/files\/2025\/10\/top-wave.png&apos;);background-position:50% 50%;background-repeat:no-repeat;background-size:contain;background-attachment:scroll;\">\n<div class=\"wp-block-group is-layout-flow wp-block-group-is-layout-flow\">\n<div class=\"wp-block-group is-layout-flow wp-block-group-is-layout-flow\">\n<div class=\"wp-block-group top-grid is-layout-grid wp-container-core-group-is-layout-e73b70ee wp-block-group-is-layout-grid\" style=\"padding-top:0px\">\n<div class=\"wp-block-group has-global-padding is-layout-constrained wp-block-group-is-layout-constrained\" style=\"margin-top:64px;margin-bottom:64px\">\n<div class=\"wp-block-group is-nowrap is-layout-flex wp-container-core-group-is-layout-6c531013 wp-block-group-is-layout-flex\"><div role=\"navigation\" aria-label=\"Breadcrumbs\" style=\"font-size:clamp(14px, 0.875rem + ((1vw - 3.2px) * 0.202), 16px);\" class=\"wp-elements-f3a5b42fcbb1319526e68cf23b678a2f wp-block-wporg-site-breadcrumbs has-text-color has-accent-3-color\"><div class=\"wporg-site-breadcrumbs__wrapper\"><span><a href=\"https:\/\/nice.wordcamp.org\/2026\">WordCamp Nice 2026<\/a><\/span><span class=\"is-current-page\">L&rsquo;\u00e9quipe organisatrice<\/span><\/div><\/div><\/div>\n\n\n\n<h1 class=\"wp-block-heading\" style=\"font-size:clamp(27.894px, 1.743rem + ((1vw - 3.2px) * 2.027), 48px);font-style:normal;font-weight:600\">L&rsquo;\u00e9quipe derri\u00e8re l&rsquo;\u00e9v\u00e9nement<\/h1>\n\n\n\n<p class=\"has-custom-gray-color has-text-color has-link-color wp-elements-3532624c403184048eb1acc90492999c\" style=\"border-left-color:var(--wp--preset--color--accent-4);border-left-style:solid;border-left-width:1px;padding-left:24px\">Derri\u00e8re le WordCamp Nice 2026, une \u00e9quipe passionn\u00e9e de b\u00e9n\u00e9voles fait battre le c\u0153ur de l\u2019\u00e9v\u00e9nement. Des Pros du d\u00e9veloppement, du design, de la communication et de l\u2019organisation, unissent leurs forces pour vous offrir deux journ\u00e9es inoubliables sur la C\u00f4te d\u2019Azur.<\/p>\n\n\n\n<div class=\"wp-block-buttons is-layout-flex wp-block-buttons-is-layout-flex\">\n<div class=\"wp-block-button is-style-outline arrow-icon is-style-outline--1\"><a class=\"wp-block-button__link wp-element-button\" href=\"https:\/\/nice.wordcamp.org\/2026\/appel-a-benevoles\/\">Devenir b\u00e9n\u00e9vole<\/a><\/div>\n<\/div>\n<\/div>\n\n\n\n<div class=\"wp-block-group has-global-padding is-layout-constrained wp-block-group-is-layout-constrained\">\n<figure class=\"wp-block-image aligncenter size-full is-resized\" style=\"margin-top:12px;margin-bottom:12px\"><img loading=\"lazy\" decoding=\"async\" width=\"502\" height=\"592\" src=\"https:\/\/nice.wordcamp.org\/2026\/files\/2025\/10\/wapuu-right.png\" alt=\"Wapuu se baigne\" class=\"wp-image-846\" style=\"object-fit:cover;width:251px;height:296px\" srcset=\"https:\/\/nice.wordcamp.org\/2026\/files\/2025\/10\/wapuu-right.png 502w, https:\/\/nice.wordcamp.org\/2026\/files\/2025\/10\/wapuu-right-254x300.png 254w\" sizes=\"auto, (max-width: 502px) 100vw, 502px\" \/><\/figure>\n<\/div>\n<\/div>\n<\/div>\n<\/div>\n<\/div>\n\n\n\n<div class=\"wp-block-group has-custom-anotherblu-background-color has-background has-global-padding is-layout-constrained wp-block-group-is-layout-constrained\" style=\"min-height:48px;margin-top:0px\"><\/div>\n\n\n\n<div class=\"wp-block-group has-global-padding is-layout-constrained wp-block-group-is-layout-constrained\" style=\"padding-top:162px\">\n<div class=\"wp-block-query is-layout-flow wp-block-query-is-layout-flow\"><ul class=\"wp-block-post-template is-layout-flow wp-block-post-template-is-layout-flow\"><li class=\"wp-block-post post-129 wcb_organizer type-wcb_organizer status-publish hentry wcb_organizer_team-finances wcb_organizer_team-goodies wcb_organizer_team-sponsors\">\n\n<div class=\"wp-block-group has-global-padding is-layout-constrained wp-block-group-is-layout-constrained\" style=\"margin-bottom:64px\"><figure style=\"width:96px;height:96px;\" class=\"is-style-rounded wp-block-wordcamp-avatar\"><img decoding=\"async\" src=\"https:\/\/secure.gravatar.com\/avatar\/2e6cc9605814d5711fd581649ac678849f5934fcec877d758735722629e558ba?s=96&amp;d=mm&amp;r=g\" alt=\"Allison Duli\u00e8re\" \/><\/figure>\n\n<h2 style=\"font-size:clamp(15.747px, 0.984rem + ((1vw - 3.2px) * 0.832), 24px);font-style:normal;font-weight:600;\" class=\"has-text-align-center wp-block-post-title\">Allison Duli\u00e8re<\/h2>\n\n<div style=\"font-size:clamp(14px, 0.875rem + ((1vw - 3.2px) * 0.202), 16px); margin-top:16px;\" class=\"entry-content wp-elements-873bdb8f2aa62d21fe70f1d1e4c3c936 wp-block-post-content has-text-color has-custom-gray-color is-layout-flow wp-block-post-content-is-layout-flow\">\n<p>Cheffe de projet, int\u00e9gratrice WordPress<\/p>\n\n\n\n<p><\/p>\n<\/div>\n\n<div style=\"margin-top:16px\" class=\"taxonomy-wcb_organizer_team has-text-align-center has-no-interaction wp-block-post-terms\"><a href=\"https:\/\/nice.wordcamp.org\/2026\/team\/finances\/\" rel=\"tag\">Finances<\/a><span class=\"wp-block-post-terms__separator\">, <\/span><a href=\"https:\/\/nice.wordcamp.org\/2026\/team\/goodies\/\" rel=\"tag\">Goodies<\/a><span class=\"wp-block-post-terms__separator\">, <\/span><a href=\"https:\/\/nice.wordcamp.org\/2026\/team\/sponsors\/\" rel=\"tag\">Sponsors<\/a><\/div><\/div>\n\n<\/li><li class=\"wp-block-post post-139 wcb_organizer type-wcb_organizer status-publish hentry wcb_organizer_team-communication wcb_organizer_team-design wcb_organizer_team-logistique\">\n\n<div class=\"wp-block-group has-global-padding is-layout-constrained wp-block-group-is-layout-constrained\" style=\"margin-bottom:64px\"><figure style=\"width:96px;height:96px;\" class=\"is-style-rounded wp-block-wordcamp-avatar\"><img decoding=\"async\" src=\"https:\/\/secure.gravatar.com\/avatar\/d2aa3633c3d129f2f427d8b6db72f52f2b5c3482cde1b7c301df10b66c1ff85f?s=96&amp;d=mm&amp;r=g\" alt=\"Amine Atia Atia\" \/><\/figure>\n\n<h2 style=\"font-size:clamp(15.747px, 0.984rem + ((1vw - 3.2px) * 0.832), 24px);font-style:normal;font-weight:600;\" class=\"has-text-align-center wp-block-post-title\">Amine Atia Atia<\/h2>\n\n<div style=\"font-size:clamp(14px, 0.875rem + ((1vw - 3.2px) * 0.202), 16px); margin-top:16px;\" class=\"entry-content wp-elements-873bdb8f2aa62d21fe70f1d1e4c3c936 wp-block-post-content has-text-color has-custom-gray-color is-layout-flow wp-block-post-content-is-layout-flow\">\n<p>Expert Front-End UX\/UI<\/p>\n\n\n\n<p>@Agence Web Performance<\/p>\n<\/div>\n\n<div style=\"margin-top:16px\" class=\"taxonomy-wcb_organizer_team has-text-align-center has-no-interaction wp-block-post-terms\"><a href=\"https:\/\/nice.wordcamp.org\/2026\/team\/communication\/\" rel=\"tag\">Communication<\/a><span class=\"wp-block-post-terms__separator\">, <\/span><a href=\"https:\/\/nice.wordcamp.org\/2026\/team\/design\/\" rel=\"tag\">Design<\/a><span class=\"wp-block-post-terms__separator\">, <\/span><a href=\"https:\/\/nice.wordcamp.org\/2026\/team\/logistique\/\" rel=\"tag\">Logistique<\/a><\/div><\/div>\n\n<\/li><li class=\"wp-block-post post-121 wcb_organizer type-wcb_organizer status-publish hentry wcb_organizer_team-benevoles\">\n\n<div class=\"wp-block-group has-global-padding is-layout-constrained wp-block-group-is-layout-constrained\" style=\"margin-bottom:64px\"><figure style=\"width:96px;height:96px;\" class=\"is-style-rounded wp-block-wordcamp-avatar\"><img decoding=\"async\" src=\"https:\/\/secure.gravatar.com\/avatar\/5bc2715112d035851b0befaa68598b6acccc7c88ffa387646804276949174d66?s=96&amp;d=mm&amp;r=g\" alt=\"Benjamin Gosset\" \/><\/figure>\n\n<h2 style=\"font-size:clamp(15.747px, 0.984rem + ((1vw - 3.2px) * 0.832), 24px);font-style:normal;font-weight:600;\" class=\"has-text-align-center wp-block-post-title\">Benjamin Gosset<\/h2>\n\n<div style=\"font-size:clamp(14px, 0.875rem + ((1vw - 3.2px) * 0.202), 16px); margin-top:16px;\" class=\"entry-content wp-elements-873bdb8f2aa62d21fe70f1d1e4c3c936 wp-block-post-content has-text-color has-custom-gray-color is-layout-flow wp-block-post-content-is-layout-flow\">\n<p>D\u00e9veloppeur<\/p>\n\n\n\n<p>@Studio Pixelea<\/p>\n<\/div>\n\n<div style=\"margin-top:16px\" class=\"taxonomy-wcb_organizer_team has-text-align-center has-no-interaction wp-block-post-terms\"><a href=\"https:\/\/nice.wordcamp.org\/2026\/team\/benevoles\/\" rel=\"tag\">B\u00e9n\u00e9voles<\/a><\/div><\/div>\n\n<\/li><li class=\"wp-block-post post-117 wcb_organizer type-wcb_organizer status-publish hentry wcb_organizer_team-sponsors\">\n\n<div class=\"wp-block-group has-global-padding is-layout-constrained wp-block-group-is-layout-constrained\" style=\"margin-bottom:64px\"><figure style=\"width:96px;height:96px;\" class=\"is-style-rounded wp-block-wordcamp-avatar\"><img decoding=\"async\" src=\"https:\/\/secure.gravatar.com\/avatar\/d9c3c74e8109a8ffacdc258cac9e8ceb8abc0ad94c1fbc3caf72f5a2b34f4b8c?s=96&amp;d=mm&amp;r=g\" alt=\"Cl\u00e9ment Polito\" \/><\/figure>\n\n<h2 style=\"font-size:clamp(15.747px, 0.984rem + ((1vw - 3.2px) * 0.832), 24px);font-style:normal;font-weight:600;\" class=\"has-text-align-center wp-block-post-title\">Cl\u00e9ment Polito<\/h2>\n\n<div style=\"font-size:clamp(14px, 0.875rem + ((1vw - 3.2px) * 0.202), 16px); margin-top:16px;\" class=\"entry-content wp-elements-873bdb8f2aa62d21fe70f1d1e4c3c936 wp-block-post-content has-text-color has-custom-gray-color is-layout-flow wp-block-post-content-is-layout-flow\">\n<p>Cr\u00e9ation, maintenance et coaching WordPress<br><\/p>\n<\/div>\n\n<div style=\"margin-top:16px\" class=\"taxonomy-wcb_organizer_team has-text-align-center has-no-interaction wp-block-post-terms\"><a href=\"https:\/\/nice.wordcamp.org\/2026\/team\/sponsors\/\" rel=\"tag\">Sponsors<\/a><\/div><\/div>\n\n<\/li><li class=\"wp-block-post post-123 wcb_organizer type-wcb_organizer status-publish hentry wcb_organizer_team-goodies wcb_organizer_team-logistique wcb_organizer_team-sponsors\">\n\n<div class=\"wp-block-group has-global-padding is-layout-constrained wp-block-group-is-layout-constrained\" style=\"margin-bottom:64px\"><figure style=\"width:96px;height:96px;\" class=\"is-style-rounded wp-block-wordcamp-avatar\"><img decoding=\"async\" src=\"https:\/\/secure.gravatar.com\/avatar\/b41b5325191f4fcc272452d6cae7a816bbecb7b1944ec12d999c93e48c6a4fb0?s=96&amp;d=mm&amp;r=g\" alt=\"Eric Martin\" \/><\/figure>\n\n<h2 style=\"font-size:clamp(15.747px, 0.984rem + ((1vw - 3.2px) * 0.832), 24px);font-style:normal;font-weight:600;\" class=\"has-text-align-center wp-block-post-title\">Eric Martin<\/h2>\n\n<div style=\"font-size:clamp(14px, 0.875rem + ((1vw - 3.2px) * 0.202), 16px); margin-top:16px;\" class=\"entry-content wp-elements-873bdb8f2aa62d21fe70f1d1e4c3c936 wp-block-post-content has-text-color has-custom-gray-color is-layout-flow wp-block-post-content-is-layout-flow\">\n<p>Conception, maintenance et coaching WordPress<\/p>\n<\/div>\n\n<div style=\"margin-top:16px\" class=\"taxonomy-wcb_organizer_team has-text-align-center has-no-interaction wp-block-post-terms\"><a href=\"https:\/\/nice.wordcamp.org\/2026\/team\/goodies\/\" rel=\"tag\">Goodies<\/a><span class=\"wp-block-post-terms__separator\">, <\/span><a href=\"https:\/\/nice.wordcamp.org\/2026\/team\/logistique\/\" rel=\"tag\">Logistique<\/a><span class=\"wp-block-post-terms__separator\">, <\/span><a href=\"https:\/\/nice.wordcamp.org\/2026\/team\/sponsors\/\" rel=\"tag\">Sponsors<\/a><\/div><\/div>\n\n<\/li><li class=\"wp-block-post post-141 wcb_organizer type-wcb_organizer status-publish hentry wcb_organizer_team-communication wcb_organizer_team-design\">\n\n<div class=\"wp-block-group has-global-padding is-layout-constrained wp-block-group-is-layout-constrained\" style=\"margin-bottom:64px\"><figure style=\"width:96px;height:96px;\" class=\"is-style-rounded wp-block-wordcamp-avatar\"><img decoding=\"async\" src=\"https:\/\/secure.gravatar.com\/avatar\/0a2f450287ee2b85d18bc809898a26f506370516d452e311a5f3e96705281612?s=96&amp;d=mm&amp;r=g\" alt=\"Eroan Boyer\" \/><\/figure>\n\n<h2 style=\"font-size:clamp(15.747px, 0.984rem + ((1vw - 3.2px) * 0.832), 24px);font-style:normal;font-weight:600;\" class=\"has-text-align-center wp-block-post-title\">Eroan Boyer<\/h2>\n\n<div style=\"font-size:clamp(14px, 0.875rem + ((1vw - 3.2px) * 0.202), 16px); margin-top:16px;\" class=\"entry-content wp-elements-873bdb8f2aa62d21fe70f1d1e4c3c936 wp-block-post-content has-text-color has-custom-gray-color is-layout-flow wp-block-post-content-is-layout-flow\">\n<p>Consultant en web performance<\/p>\n\n\n\n<p>@Agence Web Performance<\/p>\n<\/div>\n\n<div style=\"margin-top:16px\" class=\"taxonomy-wcb_organizer_team has-text-align-center has-no-interaction wp-block-post-terms\"><a href=\"https:\/\/nice.wordcamp.org\/2026\/team\/communication\/\" rel=\"tag\">Communication<\/a><span class=\"wp-block-post-terms__separator\">, <\/span><a href=\"https:\/\/nice.wordcamp.org\/2026\/team\/design\/\" rel=\"tag\">Design<\/a><\/div><\/div>\n\n<\/li><li class=\"wp-block-post post-125 wcb_organizer type-wcb_organizer status-publish hentry wcb_organizer_team-orateurrices\">\n\n<div class=\"wp-block-group has-global-padding is-layout-constrained wp-block-group-is-layout-constrained\" style=\"margin-bottom:64px\"><figure style=\"width:96px;height:96px;\" class=\"is-style-rounded wp-block-wordcamp-avatar\"><img decoding=\"async\" src=\"https:\/\/secure.gravatar.com\/avatar\/f5a8613951913c500fda96e62502c17fe941c6363997bb47ed1bd37c8a444bee?s=96&amp;d=mm&amp;r=g\" alt=\"Lycia Diaz\" \/><\/figure>\n\n<h2 style=\"font-size:clamp(15.747px, 0.984rem + ((1vw - 3.2px) * 0.832), 24px);font-style:normal;font-weight:600;\" class=\"has-text-align-center wp-block-post-title\">Lycia Diaz<\/h2>\n\n<div style=\"font-size:clamp(14px, 0.875rem + ((1vw - 3.2px) * 0.202), 16px); margin-top:16px;\" class=\"entry-content wp-elements-873bdb8f2aa62d21fe70f1d1e4c3c936 wp-block-post-content has-text-color has-custom-gray-color is-layout-flow wp-block-post-content-is-layout-flow\">\n<p>Formatrice &amp; consultante<\/p>\n\n\n\n<p>@wpLingua | @LaWebeuse | @AstucesDivi<\/p>\n<\/div>\n\n<div style=\"margin-top:16px\" class=\"taxonomy-wcb_organizer_team has-text-align-center has-no-interaction wp-block-post-terms\"><a href=\"https:\/\/nice.wordcamp.org\/2026\/team\/orateur%c2%b7rices\/\" rel=\"tag\">Orateur\u00b7rices<\/a><\/div><\/div>\n\n<\/li><li class=\"wp-block-post post-119 wcb_organizer type-wcb_organizer status-publish hentry wcb_organizer_team-communication wcb_organizer_team-design wcb_organizer_team-goodies\">\n\n<div class=\"wp-block-group has-global-padding is-layout-constrained wp-block-group-is-layout-constrained\" style=\"margin-bottom:64px\"><figure style=\"width:96px;height:96px;\" class=\"is-style-rounded wp-block-wordcamp-avatar\"><img decoding=\"async\" src=\"https:\/\/secure.gravatar.com\/avatar\/a28ecc9068b0a8552cb64f7588ad5260de8c3f53cce3d17ff0630c769c06d919?s=96&amp;d=mm&amp;r=g\" alt=\"Thomas Villain\" \/><\/figure>\n\n<h2 style=\"font-size:clamp(15.747px, 0.984rem + ((1vw - 3.2px) * 0.832), 24px);font-style:normal;font-weight:600;\" class=\"has-text-align-center wp-block-post-title\">Thomas Villain<\/h2>\n\n<div style=\"font-size:clamp(14px, 0.875rem + ((1vw - 3.2px) * 0.202), 16px); margin-top:16px;\" class=\"entry-content wp-elements-873bdb8f2aa62d21fe70f1d1e4c3c936 wp-block-post-content has-text-color has-custom-gray-color is-layout-flow wp-block-post-content-is-layout-flow\">\n<p>Cr\u00e9ateur de th\u00e8mes WordPress sur-mesure, de logos et d&rsquo;identit\u00e9s visuelles funky \ud83d\ude00<br>Membre relativement (^^) actif de la communaut\u00e9 WordPress (Traduction, orga, orateur\u2026) <\/p>\n\n\n\n<p><\/p>\n<\/div>\n\n<div style=\"margin-top:16px\" class=\"taxonomy-wcb_organizer_team has-text-align-center has-no-interaction wp-block-post-terms\"><a href=\"https:\/\/nice.wordcamp.org\/2026\/team\/communication\/\" rel=\"tag\">Communication<\/a><span class=\"wp-block-post-terms__separator\">, <\/span><a href=\"https:\/\/nice.wordcamp.org\/2026\/team\/design\/\" rel=\"tag\">Design<\/a><span class=\"wp-block-post-terms__separator\">, <\/span><a href=\"https:\/\/nice.wordcamp.org\/2026\/team\/goodies\/\" rel=\"tag\">Goodies<\/a><\/div><\/div>\n\n<\/li><li class=\"wp-block-post post-127 wcb_organizer type-wcb_organizer status-publish hentry wcb_organizer_team-communication wcb_organizer_team-finances wcb_organizer_team-logistique\">\n\n<div class=\"wp-block-group has-global-padding is-layout-constrained wp-block-group-is-layout-constrained\" style=\"margin-bottom:64px\"><figure style=\"width:96px;height:96px;\" class=\"is-style-rounded wp-block-wordcamp-avatar\"><img decoding=\"async\" src=\"https:\/\/secure.gravatar.com\/avatar\/604d3fd8a6af4266789b1a63b9e4539a7bcdd999149f81beb9dab20b336e7e0a?s=96&amp;d=mm&amp;r=g\" alt=\"Val\u00e9rie Galassi\" \/><\/figure>\n\n<h2 style=\"font-size:clamp(15.747px, 0.984rem + ((1vw - 3.2px) * 0.832), 24px);font-style:normal;font-weight:600;\" class=\"has-text-align-center wp-block-post-title\">Val\u00e9rie Galassi<\/h2>\n\n<div style=\"font-size:clamp(14px, 0.875rem + ((1vw - 3.2px) * 0.202), 16px); margin-top:16px;\" class=\"entry-content wp-elements-873bdb8f2aa62d21fe70f1d1e4c3c936 wp-block-post-content has-text-color has-custom-gray-color is-layout-flow wp-block-post-content-is-layout-flow\">\n<p>Team lead du WordCamp.<\/p>\n\n\n\n<p>Experte WordPress, Cheffe de projet web, d\u00e9veloppement web, audits en accessibilit\u00e9. Freelance<\/p>\n<\/div>\n\n<div style=\"margin-top:16px\" class=\"taxonomy-wcb_organizer_team has-text-align-center has-no-interaction wp-block-post-terms\"><a href=\"https:\/\/nice.wordcamp.org\/2026\/team\/communication\/\" rel=\"tag\">Communication<\/a><span class=\"wp-block-post-terms__separator\">, <\/span><a href=\"https:\/\/nice.wordcamp.org\/2026\/team\/finances\/\" rel=\"tag\">Finances<\/a><span class=\"wp-block-post-terms__separator\">, <\/span><a href=\"https:\/\/nice.wordcamp.org\/2026\/team\/logistique\/\" rel=\"tag\">Logistique<\/a><\/div><\/div>\n\n<\/li><li class=\"wp-block-post post-155 wcb_organizer type-wcb_organizer status-publish hentry wcb_organizer_team-before-et-after-parties wcb_organizer_team-logistique\">\n\n<div class=\"wp-block-group has-global-padding is-layout-constrained wp-block-group-is-layout-constrained\" style=\"margin-bottom:64px\"><figure style=\"width:96px;height:96px;\" class=\"is-style-rounded wp-block-wordcamp-avatar\"><img decoding=\"async\" src=\"https:\/\/secure.gravatar.com\/avatar\/43687fe140cd0402e57787873abddbd5d4ebd05e8078fb85002d95885f4f2fee?s=96&amp;d=mm&amp;r=g\" alt=\"Willy Chataigner\" \/><\/figure>\n\n<h2 style=\"font-size:clamp(15.747px, 0.984rem + ((1vw - 3.2px) * 0.832), 24px);font-style:normal;font-weight:600;\" class=\"has-text-align-center wp-block-post-title\">Willy Chataigner<\/h2>\n\n<div style=\"font-size:clamp(14px, 0.875rem + ((1vw - 3.2px) * 0.202), 16px); margin-top:16px;\" class=\"entry-content wp-elements-873bdb8f2aa62d21fe70f1d1e4c3c936 wp-block-post-content has-text-color has-custom-gray-color is-layout-flow wp-block-post-content-is-layout-flow\">\n<p>Entrepreneur, exp\u00e9riment\u00e9 en d\u00e9veloppement logiciel et web, j\u2019aime co-cr\u00e9er avec designers, ing\u00e9nieurs et fondateurs pour concr\u00e9tiser des id\u00e9es ambitieuses et aussi service client et support chez WP Rocket depuis 2021.<\/p>\n<\/div>\n\n<div style=\"margin-top:16px\" class=\"taxonomy-wcb_organizer_team has-text-align-center has-no-interaction wp-block-post-terms\"><a href=\"https:\/\/nice.wordcamp.org\/2026\/team\/before-et-after-parties\/\" rel=\"tag\">Before et After Parties<\/a><span class=\"wp-block-post-terms__separator\">, <\/span><a href=\"https:\/\/nice.wordcamp.org\/2026\/team\/logistique\/\" rel=\"tag\">Logistique<\/a><\/div><\/div>\n\n<\/li><\/ul><\/div>\n<\/div>\n","protected":false},"excerpt":{"rendered":"<p>L&rsquo;\u00e9quipe derri\u00e8re l&rsquo;\u00e9v\u00e9nement Derri\u00e8re le WordCamp Nice 2026, une \u00e9quipe passionn\u00e9e de b\u00e9n\u00e9voles fait battre le c\u0153ur de l\u2019\u00e9v\u00e9nement. Des Pros du d\u00e9veloppement, du design, de la communication et de l\u2019organisation, unissent leurs forces pour vous offrir deux journ\u00e9es inoubliables sur la C\u00f4te d\u2019Azur.<\/p>\n","protected":false},"author":14055720,"featured_media":0,"parent":0,"menu_order":0,"comment_status":"closed","ping_status":"closed","template":"titre-dans-header","meta":{"jetpack_post_was_ever_published":false,"footnotes":""},"class_list":["post-12","page","type-page","status-publish","hentry"],"jetpack_sharing_enabled":true,"_links":{"self":[{"href":"https:\/\/nice.wordcamp.org\/2026\/wp-json\/wp\/v2\/pages\/12","targetHints":{"allow":["GET"]}}],"collection":[{"href":"https:\/\/nice.wordcamp.org\/2026\/wp-json\/wp\/v2\/pages"}],"about":[{"href":"https:\/\/nice.wordcamp.org\/2026\/wp-json\/wp\/v2\/types\/page"}],"author":[{"embeddable":true,"href":"https:\/\/nice.wordcamp.org\/2026\/wp-json\/wp\/v2\/users\/14055720"}],"replies":[{"embeddable":true,"href":"https:\/\/nice.wordcamp.org\/2026\/wp-json\/wp\/v2\/comments?post=12"}],"version-history":[{"count":20,"href":"https:\/\/nice.wordcamp.org\/2026\/wp-json\/wp\/v2\/pages\/12\/revisions"}],"predecessor-version":[{"id":2580,"href":"https:\/\/nice.wordcamp.org\/2026\/wp-json\/wp\/v2\/pages\/12\/revisions\/2580"}],"wp:attachment":[{"href":"https:\/\/nice.wordcamp.org\/2026\/wp-json\/wp\/v2\/media?parent=12"}],"curies":[{"name":"wp","href":"https:\/\/api.w.org\/{rel}","templated":true}]}}